 = -5*p + 27, p = -5*k - 11 + 21. What is the remainder when 149 is divided by 513/162*k*6?
16
Let m(d) = 41 - 2*d**2 + 4*d + d - 4*d - 28. Calculate the remainder when 51 is divided by m(0).
12
Let r = -134 - -217. Let w be (-1)/7 + (-30)/(-14). Calculate the remainder when r is divided by 12 - (-2 - (-2 + w)) - -3.
15
Let m(j) = -2*j**3 + 20*j**2 + 3*j - 52. What is the remainder when m(9) is divided by 6?
5
Suppose -25 = 6*c - 43. Suppose 6*g - g = 5*j - 130, 2*g - 88 = -c*j. Calculate the remainder when j is divided by 16.
12
Let g = 9444 + -9399. Calculate the remainder when 723 is divided by g.
3
Let d(s) = 2*s**2 - 4*s - 4. Suppose 0 = 490*a - 493*a - 15. Let x(r) = -14*r - 60. Calculate the remainder when d(5) is divided by x(a).
6
Let g be (4/(-3))/(2/(-6)). Calculate the remainder when 123 is divided by 85/g - ((-180)/16)/15.
13
Let k = 11070 + -10772. Let h = -10 - -23. Calculate the remainder when k is divided by h.
12
Let r(o) = o + 275. Calculate the remainder when r(-13) is divided by 19.
15
Suppose 179 - 9 = z + 3*p, 0 = 5*z + 4*p - 861. Suppose -17*a - 3 = -z. Calculate the remainder when 99 is divided by a.
9
Suppose 24*h = 28*h - 156. Let a be (-3)/12 + 10647/28. Suppose -6*j + 11*j = a. Calculate the remainder when j is divided by h.
37
Let z = 33029 + -33015. Let d(v) = -2*v**3 - 3*v**2 - 3*v + 2. What is the remainder when d(-3) is divided by z?
10
Let x(d) be the second derivative of d**5/20 + 5*d**4/6 - 7*d**3/6 - 9*d**2/2 - 38*d. Calculate the remainder when 40/(-5)*-178*(-2)/(-16) is divided by x(-10).
56
Suppose 0 = j - 4*w - 68, -2*w = 4*j + 44 - 316. Let y = -3 - -270. Let a = -253 + y. Calculate the remainder when j is divided by a.
12
Suppose -3*n + 91 = 4*j, 54*n - 52*n = 5*j + 7. Let c(x) = x**2 - 6*x + 6. What is the remainder when n is divided by c(6)?
3
Suppose 9 = -3*o, 10*y - o = 5*y + 518. Suppose 17*i - 412 = -2*b + 15*i, 0 = 4*b - 5*i - 905. What is the remainder when b is divided by y?
9
Suppose 2*w = -4*s + 440, -5*w + 1939 = -2*s + 887. What is the remainder when w is divided by 163?
49
Suppose 4*y + 3*b = 2*b + 26, -4*b - 4 = -2*y. Suppose -5*m = -y*m - 3*s + 28, -2*m + 5*s = -23. What is the remainder when 71 is divided by m?
14
Suppose -94*z + 190*z + 256 = 128*z. What is the remainder when 76 is divided by z?
4
Let f be (-3)/(-4) + (-232)/(-32). Suppose 0 = -6*w + 48 - 6. What is the remainder when (2/6)/(f/792) is divided by w?
5
Let p be (-3)/(-12) - (-44)/16*9. What is the remainder when 361 is divided by (20/p)/((-6)/(-105))?
11
Let c(x) = 70*x - 415. What is the remainder when 3433 is divided by c(9)?
208
Suppose 0 = 4*r - 7*r + 69. Let f(k) = 6*k**2 + 2*k - 3. Let l be f(1). Calculate the remainder when r is divided by 3 - ((-150)/5)/l.
5
Let r = 14654 - 14605. What is the remainder when 413 is divided by r?
21
Suppose g = 5*t + 126, -4*g + 5*t + 438 = 7*t. Calculate the remainder when g is divided by 86.
25
Suppose -808 = 5*a - 253. Let c = a - -236. Calculate the remainder when c is divided by 32.
29
Suppose 0 = -59*o + 70*o - 319. Suppose 6*r - 7*r = i - o, -3*r = 5*i - 95. Calculate the remainder when 547 is divided by r.
22
Let d(r) be the third derivative of 25*r**2 + 0*r + 7/24*r**4 - 1/60*r**5 + 0 + 2/3*r**3. Calculate the remainder when 26 is divided by d(7).
2
Suppose -20*p + 723 = 2*t - 21*p, -3*t + 5*p = -1060. What is the remainder when t is divided by 98?
71
Let t(k) = 140*k - 29. Suppose 962 = 4*b + 122. Suppose -5*a - 5*d + b = 0, 12 = 4*d - d. What is the remainder when t(1) is divided by a?
35
Suppose 72*b - 69*b + 4*i = 1358, -b - 5*i = -427. What is the remainder when b is divided by 119?
105
Let g = -14685 - -16037. Calculate the remainder when g is divided by 20.
12
Let s = -968 + 1012. What is the remainder when 1933 is divided by s?
41
Suppose 20 = -c + 98. Let q(a) be the third derivative of a**5/60 + 11*a**4/24 - 13*a**3/3 - 18*a**2. Calculate the remainder when c is divided by q(-14).
14
Let f(u) = u + 2. Let g be f(-6). Let s = 1 - g. Suppose 7*x - s*x = 68. What is the remainder when x is divided by 9?
7
Let q(k) = k**3 - 3*k**2 + 22*k - 31. Suppose -49 = 2*z - 11. Let l = 34 - z. What is the remainder when l is divided by q(2)?
8
Let q(x) = 3*x**2 - 102*x - 146. Calculate the remainder when q(66) is divided by 8.
6
Suppose -15*s - 17280 = 15*s. Let m = -559 - s. What is the remainder when 117 is divided by m?
15
Let o(c) = 2*c**3 + 32*c**2 - 50*c - 217. Calculate the remainder when 1319 is divided by o(-17).
54
Calculate the remainder when 699 is divided by (-8194)/(-51) - (-6)/(-9) - -1.
55
Let y be 2/(-7) + 36380/28. Suppose -17*u + y = -673. Calculate the remainder when u is divided by 24.
20
Let c be 2 + (-8 + 30)*(-1)/(-2). Suppose -c + 1 = -3*z. Calculate the remainder when 59 is divided by z.
3
What is the remainder when 555 is divided by (-10 - -2)/((23/460)/((-6)/15))?
43
Let m = -192 - -378. Calculate the remainder when 119 is divided by ((-9)/6)/((-9)/m).
26
Suppose 2*d = z - 291, 5*z = -23*d + 129 + 1359. Calculate the remainder when 566 is divided by z.
273
Suppose 0 = -4*l + 2*h + 2566, -3*h + 364 = l - 260. Calculate the remainder when l is divided by 108.
99
Suppose -4*t + 2741 + 10775 = -5*s, 3*t + 2*s = 10160. Calculate the remainder when t is divided by 14.
10
Let c(t) = 3*t**3 - 4*t**2 - 6*t + 23. Let k = 246 + 101. Calculate the remainder when k is divided by c(3).
47
Let a(q) = 3*q**2 - 13*q + 16. Let t be a(2). What is the remainder when 73 is divided by (t/(-4))/((-1)/38)?
16
Let w(n) = 3*n**2 + 2*n - 22. Let g(q) = -q**2 + 3*q + 13. Let d be 38/6 + 24/(-72). Let y be g(d). Calculate the remainder when w(y) is divided by 15.
13
Suppose -37*l = -2116 - 7319. Calculate the remainder when 511 is divided by l.
1
Let l(k) = 5*k**3 + 2*k + 16. What is the remainder when l(3) is divided by 41?
34
Suppose g = -3*f - 460, -2*g = f + 79 + 821. Let l = -348 - g. Calculate the remainder when l is divided by 34.
32
Suppose 4*i - 2*q - 1630 = i, 2*q + 2714 = 5*i. Suppose i = 27*v - 673. Calculate the remainder when 43/(2 - 1)*2 is divided by v.
41
Suppose 5*m - 231 = -7*w - 10, -m = 4*w - 117. What is the remainder when 839 is divided by w?
27
Suppose -4*a = 3*b - 4, -3*a + 10 = 3*b + b. What is the remainder when 198/b*(9 + -7) is divided by 15?
9
What is the remainder when 1032 is divided by 0 + -2 + 0 + 180/20?
3
Let n = -1105 - -1290. What is the remainder when n is divided by 180?
5
Suppose 0 = 7*c - 6*c - 55. Let u = c + 19. Suppose 6*l - 124 = 104. What is the remainder when u is divided by l?
36
Suppose 21*x - 200 = -15*x + 11*x. Calculate the remainder when x is divided by 5.
3
Let k be (312/(-9) + 0)*(-162)/(-24). Let d = k + 246. Suppose -2*s - 2*s + 28 = 0. What is the remainder when d is divided by s?
5
Suppose -130 = -5*v - 105, 157 = 3*q - 4*v. What is the remainder when 203 is divided by q?
26
Let n(t) = t**2 + 25*t + 374. Calculate the remainder when n(-22) is divided by 10.
8
Let t be 8 + (9 - 36/6). Suppose t*d = 2*d + 828. What is the remainder when d is divided by 41?
10
What is the remainder when ((-34)/(-85))/((-2)/(-4690))*(-6)/(-12) is divided by 12?
1
Suppose -10 = 2*q, 4*k + 369*q = 373*q + 540. What is the remainder when k is divided by 62?
6
Let a be (13/(-5) - (-12)/(-30)) + 31. Let v = -17 + a. Suppose 2 = 2*b - 36. What is the remainder when b is divided by v?
8
Let b = 9338 - 8992. Calculate the remainder when b is divided by 21.
10
Suppose 22 + 37 = b. Let l(w) = -31*w + 269. Calculate the remainder when b is divided by l(8).
17
Let p(m) = m**3 - 21*m**2 - m - 36. Let g be p(21). Let t = g - -62. Suppose 10*k - 210 = t*k. What is the remainder when k is divided by 9?
6
Suppose -25*p = 3 - 253. What is the remainder when 496 is divided by p?
6
Let t be (-8001)/(-39) - (-2)/(-13). Let l = 459 - t. Calculate the remainder when l is divided by 52.
46
Suppose 95*j = -74 - 21. Let h(m) = 31*m - 6. Let o(t) = 16*t - 3. Let k(i) = 3*h(i) - 7*o(i). What is the remainder when 86 is divided by k(j)?
20
Let r = -76 - -78. Suppose 2*z = -r, 0 + 5 = 3*m + z. Suppose 0*d - d = 5*k - 54, 0 = 3*d + m*k - 123. Calculate the remainder when d is divided by 15.
9
Let j = -3239 + 3331. Calculate the remainder when 259 is divided by j.